{"id":188,"date":"2015-08-16T20:08:31","date_gmt":"2015-08-16T20:08:31","guid":{"rendered":"http:\/\/format1.apps-1and1.net\/?page_id=188"},"modified":"2019-05-08T12:00:08","modified_gmt":"2019-05-08T12:00:08","slug":"projekty","status":"publish","type":"page","link":"https:\/\/ppformat.pl\/?page_id=188","title":{"rendered":"Projekty"},"content":{"rendered":"<p><strong>Wybierz kategori\u0119 aby przej\u015b\u0107 do projekt\u00f3w<\/strong><\/p>\n<p><a href=\"http:\/\/ppformat.pl\/?cat=4\"><img loading=\"lazy\" decoding=\"async\" class=\"alignnone wp-image-562\" src=\"http:\/\/ppformat.pl\/wp-content\/uploads\/2019\/05\/jednorodzinne.jpg\" alt=\"\" width=\"767\" height=\"262\" srcset=\"https:\/\/ppformat.pl\/wp-content\/uploads\/2019\/05\/jednorodzinne.jpg 940w, https:\/\/ppformat.pl\/wp-content\/uploads\/2019\/05\/jednorodzinne-300x102.jpg 300w, https:\/\/ppformat.pl\/wp-content\/uploads\/2019\/05\/jednorodzinne-768x262.jpg 768w\" sizes=\"auto, (max-width: 767px) 100vw, 767px\" \/><\/a><a href=\"http:\/\/ppformat.pl\/?cat=5\"><img loading=\"lazy\" decoding=\"async\" class=\"alignnone wp-image-563\" src=\"http:\/\/ppformat.pl\/wp-content\/uploads\/2019\/05\/wielo.jpg\" alt=\"\" width=\"767\" height=\"262\" srcset=\"https:\/\/ppformat.pl\/wp-content\/uploads\/2019\/05\/wielo.jpg 940w, https:\/\/ppformat.pl\/wp-content\/uploads\/2019\/05\/wielo-300x102.jpg 300w, https:\/\/ppformat.pl\/wp-content\/uploads\/2019\/05\/wielo-768x262.jpg 768w\" sizes=\"auto, (max-width: 767px) 100vw, 767px\" \/><\/a> <a href=\"http:\/\/ppformat.pl\/?cat=2\"><img loading=\"lazy\" decoding=\"async\" class=\"alignnone wp-image-565\" src=\"http:\/\/ppformat.pl\/wp-content\/uploads\/2019\/05\/uzytecznosci.jpg\" alt=\"\" width=\"767\" height=\"262\" srcset=\"https:\/\/ppformat.pl\/wp-content\/uploads\/2019\/05\/uzytecznosci.jpg 940w, https:\/\/ppformat.pl\/wp-content\/uploads\/2019\/05\/uzytecznosci-300x102.jpg 300w, https:\/\/ppformat.pl\/wp-content\/uploads\/2019\/05\/uzytecznosci-768x262.jpg 768w\" sizes=\"auto, (max-width: 767px) 100vw, 767px\" \/><\/a><\/p>\n<p><a href=\"http:\/\/ppformat.pl\/?cat=6\"><img loading=\"lazy\" decoding=\"async\" class=\"alignnone wp-image-566 size-full\" src=\"http:\/\/ppformat.pl\/wp-content\/uploads\/2019\/05\/pensjonaty-768x262.jpg\" alt=\"\" width=\"768\" height=\"262\" srcset=\"https:\/\/ppformat.pl\/wp-content\/uploads\/2019\/05\/pensjonaty-768x262.jpg 768w, https:\/\/ppformat.pl\/wp-content\/uploads\/2019\/05\/pensjonaty-768x262-300x102.jpg 300w\" sizes=\"auto, (max-width: 768px) 100vw, 768px\" \/><\/a><\/p>\n<p><a href=\"http:\/\/ppformat.pl\/?cat=8\"><img loading=\"lazy\" decoding=\"async\" class=\"alignnone wp-image-564\" src=\"http:\/\/ppformat.pl\/wp-content\/uploads\/2019\/05\/szkoly-768x262.jpg\" alt=\"\" width=\"768\" height=\"262\" srcset=\"https:\/\/ppformat.pl\/wp-content\/uploads\/2019\/05\/szkoly-768x262.jpg 768w, https:\/\/ppformat.pl\/wp-content\/uploads\/2019\/05\/szkoly-768x262-300x102.jpg 300w\" sizes=\"auto, (max-width: 768px) 100vw, 768px\" \/><\/a><\/p>\n","protected":false},"excerpt":{"rendered":"<p>Wybierz kategori\u0119 aby przej\u015b\u0107 do projekt\u00f3w<\/p>\n","protected":false},"author":1,"featured_media":0,"parent":0,"menu_order":0,"comment_status":"open","ping_status":"open","template":"page-fullwidth.php","meta":{"footnotes":""},"class_list":["post-188","page","type-page","status-publish","hentry"],"_links":{"self":[{"href":"https:\/\/ppformat.pl\/index.php?rest_route=\/wp\/v2\/pages\/188","targetHints":{"allow":["GET"]}}],"collection":[{"href":"https:\/\/ppformat.pl\/index.php?rest_route=\/wp\/v2\/pages"}],"about":[{"href":"https:\/\/ppformat.pl\/index.php?rest_route=\/wp\/v2\/types\/page"}],"author":[{"embeddable":true,"href":"https:\/\/ppformat.pl\/index.php?rest_route=\/wp\/v2\/users\/1"}],"replies":[{"embeddable":true,"href":"https:\/\/ppformat.pl\/index.php?rest_route=%2Fwp%2Fv2%2Fcomments&post=188"}],"version-history":[{"count":4,"href":"https:\/\/ppformat.pl\/index.php?rest_route=\/wp\/v2\/pages\/188\/revisions"}],"predecessor-version":[{"id":569,"href":"https:\/\/ppformat.pl\/index.php?rest_route=\/wp\/v2\/pages\/188\/revisions\/569"}],"wp:attachment":[{"href":"https:\/\/ppformat.pl\/index.php?rest_route=%2Fwp%2Fv2%2Fmedia&parent=188"}],"curies":[{"name":"wp","href":"https:\/\/api.w.org\/{rel}","templated":true}]}}